he prime factors of v?
2, 3
Let l(b) = 27*b**2 + 14*b + 15. Let o(u) = -13*u**2 - 7*u - 7. Let m(y) = -3*l(y) - 7*o(y). Suppose 6*z - 3*z = -12. What are the prime factors of m(z)?
2, 17
Let r(h) = -29*h + 5. Let j be r(-5). Suppose j = -o - 59. Let d = -125 - o. List the prime factors of d.
2, 3, 7
Suppose 0 = 2*o + 12, -72*o + 1143 = d - 77*o. What are the prime factors of d?
3, 7, 53
Suppose -3*a = -0*a + i - 138865, 0 = -5*a + i + 231455. List the prime factors of a.
2, 3, 5, 1543
Suppose -2*k - 12*n + 11*n + 1914 = 0, -2*n + 4 = 0. Suppose 0 = -23*v + k + 4748. List the prime factors of v.
2, 31
Let c(r) be the third derivative of 7*r**5/5 + r**4/12 - r**3/3 - 8*r**2. Let z be c(1). Let q = z - 14. What are the prime factors of q?
2, 5, 7
What are the prime factors of 1*2 - ((-13001850)/500 - 3/10)?
2, 13003
Suppose 0 = 2*f - 2*g - 0*g - 200, -316 = -3*f - 5*g. Suppose -f = 4*p - 1978. Suppose -3*c + o = -2*o - 282, 4*o = 5*c - p. List the prime factors of c.
3, 31
Let m(x) = 62*x**2 + 1235*x - 224. List the prime factors of m(-35).
7, 4643
Suppose 7*y - 11*y + 5*t + 2670 = 0, 0 = -y - 4*t + 657. Suppose -c + 10*j + y = 7*j, -4*c + 5*j + 2632 = 0. List the prime factors of c.
653
Let j(k) = -18*k - 477. Let a be j(-28). Let m(v) = v - 27*v**2 + 15 + 2*v**3 - v**3 + v. What are the prime factors of m(a)?
3, 23
What are the prime factors of (-1)/(44/(-96)*4) - (-1469412)/22?
2, 3, 11, 23
Let q = -169 + 170. List the prime factors of 330 + (1 - q) - (27 + -27).
2, 3, 5, 11
What are the prime factors of ((-54867)/6)/((-2)/4)?
18289
Let f = -9 - 45. Let g = 133 - f. Suppose -g + 25 = -2*n - 4*y, 8 = -4*y. What are the prime factors of n?
5, 17
Let z(y) = y**2 + 24*y - 133. Let w be z(10). Suppose 6*a - 2073 = -w. List the prime factors of a.
311
Let g = 4757 + -2874. What are the prime factors of g?
7, 269
Let p = -80 + 110. What are the prime factors of p/180 - (-2693)/6?
449
List the prime factors of ((-12837)/2)/((-2)/8).
2, 3, 11, 389
Let c(y) = 21*y - 2. Suppose -l + 15 = 3*j, -2*j + 7*l = 4*l - 10. Suppose 0 = -j*v + 24 + 1. What are the prime factors of c(v)?
103
Suppose 0 = -4*p + 59 - 63. Let r be (-287)/(-42) + p/(-6). Suppose -r*g - 310 + 1962 = 0. List the prime factors of g.
2, 59
Suppose 816 = 3*m + 78. Let h = m + -224. List the prime factors of h.
2, 11
Let g(c) = -c**3 - 9*c**2 - 10*c - 11. Let p be g(-8). Suppose 0 = p*v - 0*v - 25. Suppose -90 = -t - 3*n - 36, -t + 50 = v*n. List the prime factors of t.
2, 3, 5
Let v be 5 - -2*(2 + 3/(-2)). Suppose -v*s + 2556 = -330. List the prime factors of s.
13, 37
Let t = -1517 + 867. Let j be 4/(-8)*-8 + t. What are the prime factors of 2/(-7) - j/7?
2, 23
Let o = -189 + 189. Suppose 3*y + 378 - 402 = o. List the prime factors of y.
2
Suppose 130*f - 239060 - 176521 = 433449. What are the prime factors of f?
3, 7, 311
Suppose -79*j + 36105 + 33807 + 28127 = 0. What are the prime factors of j?
17, 73
Suppose x = -2*x + 3. Suppose 3*y = -4*b - 113, 4*y - 115 = 7*y + 5*b. List the prime factors of ((-826)/y)/(2*x/5).
59
Suppose 2*l - 38 = -3*v + 453, -5*l = -5*v + 785. Suppose -f + 4*t = -v, 5*f = -2*t + 6*t + 805. Let r = 286 - f. What are the prime factors of r?
5
Let d = 121790 + -67881. List the prime factors of d.
31, 37, 47
Suppose -6 = 2*r + 4*y - 2, r + 5*y = 7. Let b(l) = -4*l + 22. Let i be b(r). Let o = i + -19. List the prime factors of o.
5, 7
Let d = -232 + 2949. What are the prime factors of d?
11, 13, 19
Let p be 3/(-2)*14/7. Let t(f) = -2*f**3 - 7*f**2 + f - 5. Let r(c) = c**3 + 7*c**2 + 6. Let x(y) = p*r(y) - 2*t(y). List the prime factors of x(8).
2, 5
List the prime factors of (9904 - -3)/(5 - (-58)/(-12)).
2, 3, 9907
Let b(y) = 10760*y - 9721. List the prime factors of b(8).
3, 25453
What are the prime factors of 6/(-11)*1 + 19847545/1639?
12109
Let d(k) = k**3 + 3*k**2 - 6*k + 15. Let h be d(-5). Let n be (-2 - h)*(-3 + 0)/(-1). List the prime factors of 1119/n - (40/12 - 3).
2, 31
Let b(s) = 3*s**3 - 4*s**2 + 4*s - 3. Let q be b(2). Let f(c) = -c**3 + 15*c**2 - 23*c + 7. List the prime factors of f(q).
2, 23
Let v = -339 + 2536. What are the prime factors of v?
13
Suppose -5*o = -4*h + 2, -5*h + 4*o + 4 = -h. Let x be -2*(-13 + 9/h). What are the prime factors of (1704/x)/((-4)/(-10))?
3, 71
List the prime factors of (-2)/(-5) + (-3665442)/(-370).
9907
Suppose 13 = 5*m + 3*w, 4*w - 8 = -5*m + 6*w. Suppose -m*c - 450 = -2*u, -5*u - 338 = -3*c - 1457. What are the prime factors of u?
2, 3, 37
Suppose -2*a + 8 = 3*z - 18, 4*z - a - 20 = 0. Suppose -3*t = 5*f - z*t - 4351, t = -3*f + 2619. What are the prime factors of f?
2, 109
Let j = 53043 - 16483. List the prime factors of j.
2, 5, 457
What are the prime factors of 6/2 + (-2)/2 - -7322?
2, 1831
Let s(v) = 3857*v**2 + 6*v - 1. Let d be s(-1). Suppose -5*h = -5*w + d, -3095 = 55*w - 59*w + h. List the prime factors of w.
5, 31
Suppose 66*g + 231900 = 48*g + 38*g. What are the prime factors of g?
3, 5, 773
Suppose -3*x = 2*m - 12437, -4*m + 10 = 30. What are the prime factors of x?
3, 461
Suppose -4*k = -5*n - 37499, 4*n = -3*k + 4640 + 23492. What are the prime factors of k?
2, 293
Let u = 3331 + 1095. List the prime factors of u.
2, 2213
Suppose -3*f + 23 = 4*g, 5*f + 8 = 3*g - 2. Let h(s) = -220*s + 4. Let b(p) = 109*p - 1. Let u(t) = 5*b(t) + 2*h(t). List the prime factors of u(f).
2, 3
Suppose -2*z = 2, -5*z = -5*a - z + 19. Suppose 0 = -2*r + 4*o + 36 + 294, -a*r = 5*o - 506. What are the prime factors of r?
167
Let f = 182 + -178. Suppose -d + f*d = 12, -1380 = -4*w - 3*d. What are the prime factors of w?
2, 3, 19
Suppose -2*p + 20 = 5*r + 3*p, 3*r = -4*p + 17. List the prime factors of r/((-1859)/(-624) - (-1 - -4)).
2, 3
Suppose -28*x + 21571 = -4497. Let p = x - 487. What are the prime factors of p?
2, 3, 37
Suppose 5*g - 117252 = -3*f, 3*g = -4*f - 4682 + 75020. List the prime factors of g.
2, 3, 1303
Let c = -574 - -568. List the prime factors of -5 + (c + 295 + -5)*2.
563
Let n = 187 - 184. Suppose -n*c = -5*r - 4*c + 5079, 4*c = 4*r - 4068. List the prime factors of r.
2, 127
Let i(p) = 10*p - 35. Let v be i(8). What are the prime factors of (19120/v - 5) + (-2)/(-18)?
2, 3, 5, 7
Let b(v) = -v**3 + 4*v**2 + 4*v + 7. Let p be b(5). Let q be (-2 + 14)*(p + -3). Let s = q - -29. List the prime factors of s.
17
Let q = 59155 + -1236. What are the prime factors of q?
17, 3407
Suppose -s + 8 = -0*s - 4*l, -s - 2*l = -2. Suppose -5 = -s*c + 3. Suppose 461 = 3*q + 2*u, 9*q - 4*q - c*u = 779. What are the prime factors of q?
5, 31
List the prime factors of (-6)/(-4)*((-318400)/(-60) - 18).
7933
Let i(j) = 7*j**3 + 10*j**2 - 206*j + 1415. What are the prime factors of i(7)?
2, 179
Suppose -v = 4*n - n, -2*v = 3*n - 6. Suppose v*h - 3 = 21. Suppose h*g = 6 - 2, -2*r + 2*g = -144. What are the prime factors of r?
73
Suppose -3*m + m = 3*u - 34, 0 = -4*u + m + 38. Let y(h) = -4*h**3 - h**2 + 3*h + 5. Let l be y(-3). Let p = l + u. List the prime factors of p.
3, 5, 7
Let r = -22576 + 68892. List the prime factors of r.
2, 11579
Suppose -x - 243075 = -36*x. What are the prime factors of x?
3, 5, 463
Let q = 449 - 476. What are the prime factors of (-6)/q - 1295/(-45)?
29
Let w = -30827 + 70524. List the prime factors of w.
7, 53, 107
Let p(j) = -1164*j - 968. List the prime factors of p(-12).
2, 5, 13
Suppose -70*t = -68*t + i - 17, 2*t - 12 = -2*i. Suppose t*z + 6568 = 23497. List the prime factors of z.
3, 19
What are the prime factors of -7 - 4 - (1 + 9 + -12417)?
2, 3, 1033
Let k(o) = 0*o - 72 + 24*o + 3*o + 24*o. List the prime factors of k(8).
2, 3, 7
Let h = 86 + -84. Let u be (-3)/(0 - (1 - h)). Let t(f) = -4*f**3 + f**2 - 4*f + 4. List the prime factors of t(u).
7, 19
Let h(d) = -8*d + 58. Let o be h(7). Suppose o*l - 5*u = 587, -11*u = 4*l - 6*u - 1189. What are the prime factors of l?
2, 37
Let b = -6651 - -11859. List the prime factors of b.
2, 3, 7, 31
List the prime factors of ((-3508086)/(-1141))/(3/14).
2, 17, 211
Suppose -5 = -k + 2*k - 3*c, -k = 3*c - 13. Suppose -m - k = -7. Suppose m*q - 249 = -n + 102, -575 = -5*q - 5*n. What are the prime factors of q?
2, 59
Let l(q) = -2*q**2 + 12 + 2*q + 3*q**2 + 104. Let v be l(0). List the prime factors of (-1 + v/12)/(2/30).
2, 5, 13
Let h(r) = -312*r +